 u = 102 + -12. Suppose 30*p - u = 30. What is the units digit of p?
4
Suppose 130*o - 70037 - 88043 = 0. What is the tens digit of o?
1
Let b = 1 - 1. Suppose b*k = k - 6. What is the units digit of (9/k)/(15/40)?
4
Let v(t) = -t**2 - 20*t + 3. Let g(p) = p**2 + 19*p - 1. Let i(o) = -2*g(o) - 3*v(o). What is the units digit of i(28)?
3
Suppose -3*d + 4*f = -16, -16 + 4 = 2*d + 3*f. Suppose d = -21*j + 2497 + 6680. What is the hundreds digit of j?
4
Let h = 9898 + -7777. What is the hundreds digit of h?
1
Suppose -852 = -0*c - 3*c. Suppose 0 = 3*k + 2*u + 488, -8*k = -5*k + u + 493. Let w = c + k. What is the units digit of w?
8
Suppose g + 9*y - 1314 = 7*y, 0 = g + y - 1313. What is the units digit of g/5 + ((-6)/15)/1?
2
Let r = 69 + -54. Let p be ((-1)/3)/((-1)/r). Suppose 4*i = p*g - 277 + 867, -3*g + 456 = 3*i. What is the hundreds digit of i?
1
Let i(z) = z**3 + 2*z**2 - 4*z - 2. Suppose 4*t + 8 = -4. Let b be i(t). What is the tens digit of b - 5 - (-55 - 9)?
6
Let m be (-2)/(-3) - (-48)/9 - 3. Let t(p) = 28*p**3 + 2*p**2 - 10*p + 26. What is the hundreds digit of t(m)?
7
Let u = 447 - 443. What is the units digit of (u/3 - 1/3) + 649?
0
What is the units digit of (-1 - 2685/7)*(0 + -7)?
2
Let f = 297 - 292. Suppose 0 = -8*i + f*i + 165. What is the units digit of i?
5
Let s = -6014 + 17988. What is the tens digit of s?
7
Suppose 6*b = 8*b. Suppose b*r + 4*r = -16. What is the units digit of 95 - (-6)/r*(0 + -2)?
8
Let c(a) be the first derivative of -a**4/4 + 10*a**3/3 + 7*a**2/2 + 4*a - 54. What is the units digit of c(8)?
8
Let r(c) = 23*c + 9. Let k be r(3). Suppose -141*a + 143*a = k. What is the units digit of a?
9
Suppose -53*n + 114984 = -23*n - 12*n. What is the units digit of n?
8
Let h = 427 - 309. Let i = 218 - h. What is the tens digit of i?
0
Let o = 7802 + -2867. What is the thousands digit of o?
4
Let r(u) = -7*u**2 + 59*u + 28362. What is the thousands digit of r(0)?
8
Suppose -25 = 20*r - 25*r. Suppose r - 8 = -w. Suppose 0 = -4*a + y - 2*y + 328, -246 = -w*a + 2*y. What is the units digit of a?
2
Let u(i) = 2810*i - 3706. What is the hundreds digit of u(8)?
7
Suppose 0 = 7*t - 141583 - 226547. What is the thousands digit of t?
2
Suppose -188*q = 143*q - 11590296. What is the units digit of q?
6
Let r be -3 + -8 + (-4 - -7). Let x(n) = -n. Let p be x(r). Suppose p*t + 168 = 1224. What is the hundreds digit of t?
1
Suppose 0 = -206*p + 210*p + 32. What is the units digit of 25059/36 - p/(-96)?
6
Let w be -3*((-10)/12 - 3/(-6)). What is the hundreds digit of w/3*10/(90/37881)?
4
Let j(d) be the second derivative of -3*d**5/20 + 2*d**3/3 - d**2/2 - 2*d - 28. What is the hundreds digit of j(-4)?
1
Let l be -3 - ((-46)/253 + (-6310)/22). Suppose -4*v - 143 = o - 509, 3*v - l = 4*o. What is the tens digit of v?
9
Let v be (8 + 8/(-12))/((-2)/6). Let w(q) = -8*q + 197. What is the units digit of w(v)?
3
Let r(l) = l**3 + 7*l**2 - 2*l - 3. Let t(q) = q**2 + 15*q - 23. Let b be t(-16). Let k be r(b). Let s = 33 - k. What is the units digit of s?
2
Let o(s) = 11*s + 23. Let y be o(-4). What is the hundreds digit of 163*(1 + 5)*(-35)/y?
6
Let f = -24 + 31. Suppose -17 = f*l - 8*l. Suppose -l*z = -22*z + 390. What is the tens digit of z?
7
Suppose 2*d = -5*z - 14, -4*d + 11 = -1. What is the tens digit of (8/7)/z - 5952/(-7)?
5
Let h be (2/4 + 1)/((-39)/(-163228)). What is the tens digit of (-6 - (-40)/6) + h/6?
4
What is the thousands digit of (-163150)/(-40) - (-6)/24?
4
Let x(q) = 219*q**2 + 1. Let m be x(-1). Let n = 2607 + -2728. Let y = m + n. What is the units digit of y?
9
Suppose -3*v = -8*v - 15, -3*v = -5*n + 764. Suppose 0 = -3*p + n + 113. Let x = p + 86. What is the units digit of x?
4
Let r(s) = s**3 + 8*s**2 + 7*s + 4. Let q be r(-7). Suppose -2*y - 2*h + 1061 - 257 = 0, 3*h = q*y - 1636. What is the tens digit of y?
0
Suppose 4*l - 5598 = -3*h, 9882 = 4*h - 3*l + 2393. Suppose 0 = -5*p - 5*a + h, 4*p - 7*p + 3*a + 1104 = 0. What is the tens digit of p?
7
Let o = -4074 - -2670. Let x = -719 - o. What is the units digit of x?
5
Let x(l) = 13*l - 2. Let b = 5 + -1. Suppose -3*s = b*s - 28. What is the units digit of x(s)?
0
Let u(p) = -p**3 - 8*p**2 - 5*p - 7. Let c be u(-5). Let n = c - -59. Suppose 289 = y + 4*y + 4*q, n*q - 53 = -y. What is the units digit of y?
1
Suppose -2*p = -2*l - 10624, -6*p + 6*l + 31864 = 2*l. What is the thousands digit of p?
5
What is the tens digit of (-31)/(403/78) + (-2 - -47747)?
3
Let u be 150/120*(4 + 0). Suppose 0 = -o + 5*w + 480 + 269, 5*w = -u*o + 3895. What is the tens digit of o?
7
Suppose 5*x - 77490 = n, -4*x - 8*n + 12*n + 61992 = 0. What is the thousands digit of x?
5
Let w(r) be the first derivative of 5*r**2 - 39*r + 7. Let y(n) = 2*n - 7. Let m be y(9). What is the tens digit of w(m)?
7
Suppose -111*c - 18*c = -18*c - 1537239. What is the ten thousands digit of c?
1
Let l(a) = 18*a**2 - 624*a - 78. What is the units digit of l(42)?
6
Let c(o) be the second derivative of o**4/2 + 2*o**3 + 13*o**2/2 + 2*o + 2. What is the units digit of c(-10)?
3
Let u be (-285)/(-4) - 70/56. Let z(h) = -h**3 - 4*h**2 - 4*h - 4. Let l be z(-3). Let f = l + u. What is the tens digit of f?
6
Suppose -21*h - 84 = -28*h. Let c = 54 + h. What is the units digit of c?
6
Suppose u + 5 = 0, 2*h - h + 3*u - 84 = 0. What is the units digit of h/1 + (-78)/(-13)?
5
Suppose -5*i = p + 6, -2 = 4*i - 2*p - 0. Let r be (191/(-3) + i)*3. Let k = -110 - r. What is the tens digit of k?
8
Suppose -6*k + 38 - 104 = 0. What is the tens digit of ((737/4)/k)/(4/(-112))?
6
Let m = -4389 - -11052. What is the units digit of m?
3
Let s = -9 + 14. Suppose -43*k = -46*k + 4*i + 1272, k - 2*i - 422 = 0. Suppose s*z - 222 = k. What is the units digit of z?
0
Suppose -4*a + 455 = -185. What is the units digit of (256/a)/(2/115)?
2
Let g = 3379 + -3126. What is the tens digit of g?
5
Let f(j) = j**3 + j**2 - 5*j - 4. Let p be f(-4). Let u = 69 - 79. What is the tens digit of (p/u)/((-28)/(-1330))?
5
Let o(z) be the first derivative of -z**4/4 + 19*z**3/3 - 35*z**2/2 - 28*z + 160. What is the hundreds digit of o(15)?
3
Let m = -36410 - -41797. What is the units digit of m?
7
What is the thousands digit of 21711 + (6 - 0/5 - (2 - 2))?
1
Suppose -2*a = -3*p + 18388, 7*p - 10*p = -a - 18389. What is the tens digit of p?
3
Let i(q) be the third derivative of q**6/120 + 3*q**5/10 + q**4/6 + 5*q**3/6 + q**2. What is the hundreds digit of i(-7)?
5
Let z(c) = -5*c + 2. Let x(h) = -10*h + 3. Let m(b) = 6*x(b) - 15*z(b). Let k be m(2). What is the hundreds digit of (5 - 1)*585/k?
1
Suppose 48*r - 775494 + 96485 = r. What is the thousands digit of r?
4
Suppose -149*w + 145*w = 2*n - 39248, -19606 = -2*w + 2*n. What is the thousands digit of w?
9
Let c be 4/22 + 252/66. Suppose -3*t + 37 = 4*x - 656, 2*t = -c*x + 466. What is the hundreds digit of t?
2
What is the units digit of (-2480673)/(-65) + 12*(-3 - (-184)/60)?
5
Suppose 2*a - 3*j + 4 = -0, 2*a + 4*j - 24 = 0. What is the hundreds digit of a - (-245 - 5 - 2) - -1?
2
Let v be (6/7)/((55/(-1960))/(-11)). Let r = 731 - v. What is the tens digit of r?
9
Let f(k) = -k**2 + 943. Let a be f(0). Suppose 9*j = 2*n + 4*j - a, 2*n = j + 931. What is the hundreds digit of n?
4
Suppose 109*h - 111*h - 6267 = -3*d, 9*d - 2*h = 18825. What is the hundreds digit of d?
0
Let v(f) = f**2 - 11*f - 44. Let p be v(14). What is the hundreds digit of (4 + -5)/(-1*p/(-1118))?
5
Suppose 15 + 5 = 5*c. What is the tens digit of (86 - -3) + 2 + -5 + c?
9
Suppose 0 = 64*l - 557624 - 271560. What is the ten thousands digit of l?
1
Let s be (-3 - (-2 - 1))/2. Suppose 3*f - 55 - 35 = s. What is the tens digit of f?
3
Suppose 323698 = 4*z + 2*n, 22*n - 161891 = -2*z + 27*n. What is the ten thousands digit of z?
8
Suppose -8*s + 39 - 7 = 0. Suppose 5*p - 154 = 5*g - 719, s*p + 16 = 0. What is the units digit of g?
9
Suppose -266712 = -5*r + 5*i - 7582, 0 = 3*r + 6*i - 155442. What is the tens digit of r?
2
Suppose -8*m + 4348 = -5*m - 2*x, 5*m - 7264 = -x. Suppose 0 = r - 4*j + 7*j - 735, -2*r + 3*j + m = 0. What is the units digit of r?
9
Suppose t - 9867 = -n, 29*n - 28*n + 49323 = 5*t. What is the thousands digit of t?
9
What is the tens digit of 261 + -264 - (-11531 + 1 + -1)?
2
Suppose 3*d = 3*c + 2